me?
False
Is 93724801 prime?
True
Is 2400187 a prime number?
True
Is 16252193 prime?
True
Is 2443277 a composite number?
False
Is 129629 prime?
True
Is 26277113 a composite number?
True
Is 27432557 prime?
True
Is 24963355 composite?
True
Is 33677923 composite?
False
Is 68504629 prime?
False
Is 11527019 a prime number?
False
Is 5910785 a composite number?
True
Is 115115197 prime?
True
Is 2493749 a composite number?
False
Is 434143 prime?
False
Is 2900837 prime?
False
Is 8539807 a composite number?
False
Is 36468197 a composite number?
True
Is 19238 a composite number?
True
Is 2641183 a prime number?
False
Is 6890753 a prime number?
True
Is 630151 a composite number?
False
Is 1197142 a composite number?
True
Is 62421 a prime number?
False
Is 16545535 composite?
True
Is 203521847 prime?
True
Is 4588739 a composite number?
True
Is 5596543 a prime number?
False
Is 2887817209 composite?
False
Is 482363071 a prime number?
True
Is 100545881 a composite number?
True
Is 23130067 a composite number?
False
Is 10093033 composite?
False
Is 23599397 a composite number?
True
Is 17003127 a prime number?
False
Is 13547579 prime?
False
Is 3645703 a composite number?
False
Is 86279477 a composite number?
True
Is 2223281 a prime number?
True
Is 45104027 a composite number?
False
Is 54734401 a prime number?
True
Is 154168129 a prime number?
False
Is 35771987 composite?
False
Is 151184279 prime?
False
Is 14870279 prime?
True
Is 864546767 a prime number?
False
Is 69157 a prime number?
False
Is 34881403 a prime number?
False
Is 9745357 composite?
True
Is 8579 a composite number?
True
Is 163015 prime?
False
Is 155748091 prime?
True
Is 2452909 composite?
False
Is 311153233 a prime number?
True
Is 7434082 composite?
True
Is 320783843 prime?
True
Is 17864485 a composite number?
True
Is 34589977 a prime number?
True
Is 717089 a composite number?
False
Is 2027705 a prime number?
False
Is 2435689 a composite number?
False
Is 2304047 a composite number?
True
Is 15580261 a prime number?
True
Is 2655313 a prime number?
True
Is 5435585 composite?
True
Is 5913641 a prime number?
False
Is 1117433 a composite number?
False
Is 76561 prime?
True
Is 25461727 prime?
True
Is 1956353 prime?
False
Is 17726369 prime?
False
Is 141665461 a prime number?
False
Is 295937 a prime number?
True
Is 4463197 a composite number?
True
Is 4785971 a prime number?
False
Is 3768014 a composite number?
True
Is 28657141 prime?
True
Is 2289767 a composite number?
False
Is 26583411 a prime number?
False
Is 396157 a prime number?
True
Is 21360001 a prime number?
False
Is 11368981 a composite number?
True
Is 7434023 a prime number?
False
Is 83058653 a composite number?
False
Is 6146537 composite?
True
Is 3745549 a composite number?
True
Is 6306683 a prime number?
False
Is 2955163 a prime number?
False
Is 12628831 prime?
False
Is 32778709 a prime number?
False
Is 18083797 composite?
True
Is 13469 a prime number?
True
Is 74519 composite?
True
Is 121294531 a composite number?
True
Is 44601 prime?
False
Is 466139 a composite number?
False
Is 20605993 prime?
True
Is 81374621 prime?
False
Is 4552811 a prime number?
True
Is 917419 a prime number?
False
Is 64777 a composite number?
True
Is 149564437 a prime number?
False
Is 6917987 a prime number?
False
Is 19688213 a prime number?
True
Is 2455277 a composite number?
True
Is 32582177 composite?
False
Is 1320013 prime?
False
Is 13971667 a composite number?
False
Is 418271923 a composite number?
True
Is 130861754 a prime number?
False
Is 187230151 composite?
False
Is 845683 a prime number?
True
Is 41903333 prime?
False
Is 4978577 a composite number?
False
Is 2648623 a prime number?
True
Is 2205509 a prime number?
False
Is 571063 a prime number?
False
Is 530084843 a prime number?
True
Is 275913667 composite?
False
Is 1998173 composite?
True
Is 53987737 a composite number?
True
Is 33767 a composite number?
False
Is 9045367 composite?
False
Is 47513743 composite?
False
Is 1287329 composite?
False
Is 55416857 a prime number?
True
Is 60285593 a composite number?
True
Is 43296229 a prime number?
False
Is 772789861 a composite number?
True
Is 14268823 composite?
False
Is 5915183 a composite number?
False
Is 20835553 a composite number?
False
Is 11702489 a prime number?
True
Is 6272317 a composite number?
True
Is 5731783 composite?
True
Is 179193347 a composite number?
True
Is 4488563 composite?
True
Is 73970947 composite?
False
Is 4808885 a composite number?
True
Is 156309 prime?
False
Is 266844089 prime?
True
Is 42281 a prime number?
True
Is 27166897 prime?
True
Is 738193 prime?
False
Is 171796601 a composite number?
True
Is 25849951 a prime number?
False
Is 711136897 composite?
False
Is 3055153 prime?
True
Is 1391549 composite?
False
Is 790207 prime?
False
Is 219273693 prime?
False
Is 26447063 a prime number?
True
Is 602593 a prime number?
True
Is 451728663 a prime number?
False
Is 14892191 composite?
False
Is 344156971 a composite number?
True
Is 11926921 prime?
True
Is 206487137 prime?
True
Is 6371147 prime?
False
Is 120708491 a prime number?
True
Is 489973353 composite?
True
Is 3258149 composite?
False
Is 3360811 a prime number?
False
Is 9342127 composite?
False
Is 15899623 a composite number?
False
Is 310828783 a composite number?
False
Is 48944081 prime?
False
Is 40854037 composite?
True
Is 140100001 composite?
True
Is 472368151 a composite number?
False
Is 2562173 composite?
True
Is 64112667 a composite number?
True
Is 136895797 composite?
False
Is 144386119 composite?
True
Is 44037211 prime?
True
Is 7331837 composite?
True
Is 76983635 a composite number?
True
Is 18376597 composite?
False
Is 4303511 composite?
False
Is 1998791 prime?
False
Is 397209 composite?
True
Is 15108671 composite?
True
Is 8989919 prime?
True
Is 92966087 a composite number?
False
Is 30629569 a prime number?
False
Is 35056093 prime?
True
Is 8050981 a composite number?
False
Is 2447059 composite?
False
Is 10565179 composite?
True
Is 511418387 composite?
False
Is 36625189 a prime number?
True
Is 399384295 prime?
False
Is 1084423 a composite number?
False
Is 89303 a prime number?
True
Is 81140599 prime?
False
Is 123709109 prime?
True
Is 40936537 a composite number?
False
Is 118832131 composite?
True
Is 305821 a prime number?
True
Is 2378951 composite?
False
Is 10996621 a composite number?
False
Is 392873609 a prime number?
True
Is 148931353 a composite number?
True
Is 69426251 composite?
True
Is 162128809 prime?
True
Is 2193167 composite?
False
Is 122361851 composite?
False
Is 143966261 prime?
True
Is 531899 composite?
True
Is 37277323 a composite number?
True
Is 9482581 a composite number?
False
Is 68685205 a composite number?
True
Is 6110777 a composite number?
False
Is 1918754 a composite number?
True
Is 4505023 composite?
True
Is 1377203 prime?
False
Is 236317 a prime number?
False
Is 78434333 composite?
False
Is 16688843 composite?
False
Is 436253 a prime number?
True
Is 5882579 prime?
True
Is 86376253 a composite number?
False
Is 38364319 a prime number?
False
Is 3047839 composite?
True
Is 653547991 a composite number?
True
Is 13456049 a prime number?
False
Is 102696553 a composite number?
False
Is 21954211 a prime number?
True
Is 10291399 a composite number?
False
Is 4520909 a prime number?
True
Is 90153977 composite?
False
Is 133983371 a prime number?
True
Is 332749 a prime number?
True
Is 12034327 a prime number?
True
Is 21575369 prime?
False
Is 38491237 prime?
True
Is 2360606 a prime number?
False
Is 182946695 composite?
True
Is 16509905 prime?
False
Is 166061123 a composite number?
True
Is 1810921 a composite number?
True
Is 4846529 prime?
True
Is 161791187 a composite number?
False
Is 256299805 a composite number?
True
Is 12664177 a composite number?
True
Is 40626463 a prime number?
True
Is 39402023 composite?
True
Is 19938907 prime?
False
Is 899123 a composite number?
False
Is 5337169 a composite number?
False
Is 430351 a prime number?
False
Is 71027447 a prime number?
True
Is 204605189 a prime number?
True
Is 13367 a composite number?
False
Is 3346457 composite?
False
Is 6561131 composite?
True
Is 22217831 prime?
False
Is 23907089 a prime number?
True
Is 288756931 prime?
True
Is 352337833 a prime number?
False
Is 1380111737 a prime number?
True
Is 59102695 a prime number?
False
Is 35